a = 5 + 9. Suppose 4*s = 0, 0*s - a = -2*b + s. Let n = -51 + 128. Calculate the greatest common divisor of b and n.
7
Suppose 0 = r - 4*y - 40, -49 = -5*r + 4*r + y. Calculate the greatest common factor of 13 and r.
13
Let h(d) = 2*d**3 + 16*d**2 - d + 16. Let k be h(-8). What is the greatest common divisor of 60 and k?
12
Let u be (2/(-4))/((-4)/2816). Suppose -3*k = -4*g + u, -5*k - 3*g - 730 = -124. Let d = k - -300. What is the greatest common divisor of 20 and d?
20
Suppose 22 - 1 = 3*o. Let j(m) = 42*m - 1. Let q(n) = -4*n. Let u(f) = -4*j(f) - 44*q(f). Let x be u(3). Calculate the greatest common factor of o and x.
7
Suppose 3*g - m - 12 = 0, -2*g = -m + 3*m. Let c be 8*g*(-3)/(-2). What is the greatest common divisor of 18 and c?
18
Let m = -34 + 47. Calculate the highest common divisor of 104 and m.
13
Let h be 1/4 + (-270)/(-8). Let n = -13 + h. Calculate the greatest common divisor of n and 3.
3
Let w(o) = 95*o**2 - o - 1. Let t be w(-1). Let f = -48 + t. Suppose 4*v = 3*g + 52 + f, -2*g = 2*v - 46. What is the greatest common factor of 16 and v?
8
Suppose -s - 60 = -3*s. Suppose 3*h - 93 + 33 = 0. What is the highest common factor of s and h?
10
Suppose 3*u - 8 = -2*k, 3*u = -0*k - 5*k + 20. Let b be 3/(6/64*k). What is the greatest common divisor of 88 and b?
8
Let m(t) = -t**3 - 8*t**2 - 12*t + 5. Let c be m(-7). What is the highest common divisor of 10 and c?
10
Suppose 4*m - 5 = -m. Suppose -g + 3 = -m. Suppose -5 = -2*f - 3*f. What is the highest common divisor of f and g?
1
Let q be (-7)/14 - 13/(-2). Let g be ((-4)/14)/((-1)/7). Suppose -y + 8 - g = 0. What is the greatest common factor of q and y?
6
Suppose 3*a = 195 + 60. Suppose -7*q = -2*q - 85. Calculate the highest common factor of a and q.
17
Suppose -260 - 460 = -5*g. Let c be (12*(-16)/(-6))/2. Calculate the greatest common divisor of g and c.
16
Suppose i + 13 = -4*t, i = 5*i + 3*t. Suppose 2*o - 34 = -q, -q + 18 = i*o - 15. Calculate the highest common factor of 4 and q.
4
Let q be 16 + (-12)/3 + 0. Suppose -96 = -5*g + 4*g. What is the greatest common divisor of g and q?
12
Let u be 30/(-7)*70/(-15). What is the highest common divisor of u and 10?
10
Suppose k + 71 - 24 = p, 0 = -4*p - 4*k + 172. Let c be 43/5 + (-8)/(-20). Calculate the greatest common factor of p and c.
9
Let z = 226 + -196. What is the highest common factor of z and 40?
10
Suppose k - 3 = -1. Suppose i + 81 = a + 8, -k*a = 2*i - 150. Suppose 0*c + 2*c = -y + 143, c - 2*y - a = 0. What is the greatest common divisor of 9 and c?
9
Let q(j) = 4*j**2 - j + 6. Let a be q(-8). Calculate the greatest common factor of 30 and a.
30
Let a(z) = z**3 - 3*z**2 - 2*z - 1. Let o be a(6). Let n be (4/8)/((-2)/(-40)). Let w = 9 + n. Calculate the highest common factor of o and w.
19
Let x(a) = -a**3 - a**2 - a - 3. Let m be x(-3). What is the highest common factor of 6 and m?
6
Let m = 53 + -35. Let p(g) = g**2 + 5*g + 6. Let v be p(-5). Calculate the greatest common divisor of m and v.
6
Let p be 12/24 - 2/4. Let u be (-1 - (-2 - p))*11. What is the greatest common factor of 22 and u?
11
Let p = 220 - 135. Suppose -s = -5*t + p, -2*t - s - 49 = -5*t. Suppose 0 = -w + 2*w - 54. What is the highest common factor of w and t?
18
Let d(y) = 2*y**2 + 6*y. Suppose 0*f = -3*f - 15. Let b be d(f). Calculate the highest common divisor of 50 and b.
10
Suppose 2*r - 3*k = 7, -r + 35 = 5*k + 12. Suppose 0 = 3*h - 4*h + 2. Let l = r - h. Calculate the highest common divisor of 54 and l.
6
Let i = -54 - -61. Calculate the highest common divisor of 35 and i.
7
Let y be (-2)/(-3)*(-3)/(-2). Let c be (y - 13)/(-17 - -15). Suppose 3*u = -v + 37, 0 = -u - 0*v + v + 11. What is the highest common factor of c and u?
6
Let x be 3/6*0/(-3). Suppose x = -4*h - 0*h. Suppose h = d - 2 - 8. What is the greatest common divisor of 70 and d?
10
Suppose -5*r + 3*l + 67 = 0, 4*l = r + 3*r - 60. Calculate the greatest common divisor of 121 and r.
11
Let p be 0 - 3/((-3)/4). Calculate the highest common factor of p and 32.
4
Let g(a) = a**2 + 14*a + 16. Let p be g(-13). Suppose 2*d - 10 = 3*z, -p*z - z + 27 = d. Calculate the greatest common divisor of d and 99.
11
Let f = 16 - 13. Let n(o) = 7*o + 4. Let z be n(f). Calculate the highest common factor of z and 5.
5
Let u be 4/(-12)*(-1 - -1). Let v be 4/2 + (-1 - -2). Suppose -3*r + u*r + m = -67, -v*m = -3*r + 57. What is the highest common divisor of 8 and r?
8
Let l be (-5 + 5)/((-4)/2). Suppose l*o + 220 = 5*o. What is the greatest common factor of 11 and o?
11
Let a(i) = i**3 - 8*i**2 - 12*i - 5. Let r be a(9). Let f = r + 48. Calculate the greatest common factor of 2 and f.
2
Let r = -13 + 18. Suppose u + 10 = -5*q, u = -4*q - 1 - r. Suppose 4*g - 26 = 54. Calculate the highest common divisor of u and g.
10
Suppose -t + 6*t + 66 = 3*c, -5*c + t = -88. Let i = -17 + 51. What is the highest common factor of c and i?
17
Suppose 28 - 68 = -b. What is the greatest common divisor of 16 and b?
8
Let a(t) = t - 7. Let r be a(6). Let o(x) = -76*x**3 - x**2 - x. Let m be o(r). Let h be -3 + m - 2/(-1). What is the greatest common divisor of h and 15?
15
Let a = -36 + 51. Calculate the greatest common factor of 45 and a.
15
Suppose 3*d - 4*h = 35, -3*h - 40 = -5*d - 0*h. Suppose 6*f = f + 3*m + 47, -5 = -f + d*m. What is the highest common factor of 90 and f?
10
Let b be (-18)/(-117) + 230/26. What is the greatest common divisor of 81 and b?
9
Let a be 1*-2 + 7 + 1. Suppose -u - 2*w + 16 = u, -w = -5*u + 46. Let t = 27 - u. Calculate the highest common factor of t and a.
6
Suppose -15 = 3*o, -2*o + 0 + 26 = -4*v. Let s = 7 - v. Let b(q) = q**3 - 11*q**2 + 18*q - 32. Let f be b(10). What is the greatest common divisor of s and f?
16
Let x = 22 + -18. What is the highest common divisor of 4 and x?
4
Suppose -3*j - 5*q + 64 = -167, j - 84 = -4*q. What is the highest common factor of j and 180?
36
Suppose 2 = u - 18. What is the highest common divisor of u and 20?
20
Let f = 16 - 10. Let i be (-8)/f*(-66)/(-4). Let g = -2 - i. Calculate the greatest common divisor of g and 30.
10
Let i = 156 + -220. Let r be i/(-6) - 4/6. Let n be -120*((-4)/(-12) - 1). Calculate the greatest common divisor of r and n.
10
Let u = -5 - -4. Let c = u - 1. Let p be 7*(-8 - c)/(-2). What is the greatest common divisor of p and 3?
3
Let n(l) = -l**3 - 4*l**2 - l + 1. Let a be n(-4). Suppose -a*w = -7 + 2. What is the highest common factor of 9 and w?
1
Suppose -3*z = 3*m + 3, -3*z - 5*m = -z + 14. Suppose -z*r = 14 - 92. Suppose 0 = -3*n + 2*n + 65. What is the greatest common divisor of r and n?
13
Suppose 2*w = -2*v - 3*w - 34, -4 = -w. Let d = v - -19. Let z be d/20 + (-62)/(-5). What is the greatest common factor of 108 and z?
12
Suppose -7*p = -2*p - 15. Let s be (0 + 4)*(-2 + p). Suppose -14*m = m - 60. What is the greatest common divisor of m and s?
4
Let t = -64 + 139. Suppose 6*r = 3*r + t. What is the greatest common divisor of 5 and r?
5
Let t be 1 + (-2)/2 - -87. Suppose 5*z = 23 + t. Calculate the greatest common divisor of 2 and z.
2
Let o(a) = -a + 18. Let m be o(5). Calculate the greatest common divisor of m and 26.
13
Let f = 5 - 1. Let j = f + 8. What is the greatest common factor of j and 12?
12
Let f be (-1)/(-1) - (-1 + -3). Suppose -f*w + i + 705 = -i, i - 577 = -4*w. Calculate the highest common factor of w and 13.
13
Suppose 4*s - 56 - 168 = 5*z, -2*z - 84 = 4*s. Let r be 0 + (z/(-2) - 3). Calculate the highest common factor of 57 and r.
19
Suppose 0 = n + 8 - 26. Let d(h) = 2*h + 6. Let q be d(6). What is the greatest common divisor of n and q?
18
Let f = 66 - 47. Calculate the highest common divisor of f and 209.
19
Let s be 6/(-2) + 9 + 1. Let v = 10 - s. What is the greatest common factor of v and 6?
3
Suppose 69 - 13 = 2*j. Suppose 2*f = -3*i - j, -3*i - 26 = 5*f + 26. Let u(y) = -2*y + 6. Let t be u(f). What is the highest common divisor of 2 and t?
2
Let t be (-22)/(-6) - 4/6. Suppose -t*q + 160 = -0*w - 5*w, -w = -q + 56. Calculate the greatest common factor of 15 and q.
15
Let t be (23/(-5))/((-2)/10). Let q = 49 - t. What is the greatest common factor of 65 and q?
13
Suppose -8*z = -23*z + 135. Calculate the greatest common divisor of z and 9.
9
Suppose -2*u + 102 = -m - 83, 4*m + 96 